1003326?
False
Does 350 divide 72339247?
False
Does 98 divide 63351512?
True
Does 3730 divide 225683650?
True
Is 652 a factor of 53975414?
False
Does 110 divide 75222730?
True
Is 2060 a factor of 566951138?
False
Does 1325 divide 100860243?
False
Is 280753727 a multiple of 74?
False
Does 8 divide 1062825?
False
Is 33140918 a multiple of 79?
False
Does 47 divide 1067861996?
True
Is 42 a factor of 9710736?
True
Is 2360826829 a multiple of 8874?
False
Is 3054518 a multiple of 14?
False
Does 3 divide 245794501?
False
Does 1339 divide 281593039?
True
Does 71 divide 2445417683?
False
Is 457 a factor of 6890646?
True
Does 434 divide 166950252?
True
Is 39902802 a multiple of 109?
False
Is 248 a factor of 17394224?
True
Is 27587357 a multiple of 37?
False
Is 12 a factor of 934542933?
False
Does 1451 divide 121315208?
True
Is 18 a factor of 579560922?
True
Does 143 divide 2363410?
False
Is 201 a factor of 24702675?
False
Is 762 a factor of 1571922942?
True
Is 36 a factor of 151575479?
False
Is 21 a factor of 657721192?
False
Does 117 divide 245457693?
True
Is 57 a factor of 21579535?
False
Is 74 a factor of 260479186?
True
Is 710 a factor of 339391681?
False
Does 148 divide 15470034?
False
Is 2742991 a multiple of 7?
False
Is 71164714 a multiple of 46?
True
Does 16 divide 65613552?
True
Does 857 divide 337847124?
False
Is 13186939 a multiple of 1410?
False
Does 585 divide 15315115?
False
Is 4642 a factor of 2845736322?
True
Does 1925 divide 534048900?
True
Does 40 divide 493028680?
True
Is 1159 a factor of 59227622?
False
Does 877 divide 102489728?
True
Is 2413440 a multiple of 1676?
True
Is 13898859 a multiple of 939?
False
Does 39 divide 2253181?
False
Does 127 divide 16410178?
True
Is 351 a factor of 33697053?
True
Is 4154323995 a multiple of 2655?
False
Does 4 divide 11661454?
False
Is 9768285 a multiple of 153?
True
Is 12 a factor of 529361968?
False
Is 7107309 a multiple of 98?
False
Is 51410400 a multiple of 480?
True
Is 1841520 a multiple of 80?
True
Is 2 a factor of 1122550?
True
Does 8 divide 1518237?
False
Is 843 a factor of 49850805?
True
Is 189819514 a multiple of 818?
False
Is 3297646566 a multiple of 243?
True
Is 2155695 a multiple of 411?
True
Is 133 a factor of 470751505?
True
Does 1493 divide 2154884054?
False
Does 32 divide 63537088?
True
Is 194128335 a multiple of 2631?
True
Does 368 divide 5303984?
True
Is 8082959 a multiple of 457?
True
Is 1762 a factor of 24938154?
False
Is 35252227 a multiple of 19?
False
Is 790 a factor of 1233963410?
True
Does 50 divide 25415236?
False
Does 355 divide 72570875?
True
Does 461 divide 107237076?
False
Does 452 divide 44045140?
True
Is 6471436 a multiple of 4?
True
Is 12 a factor of 337759140?
True
Does 1668 divide 34867872?
True
Is 1643 a factor of 36664613?
False
Is 27592408 a multiple of 8?
True
Does 9 divide 2308895370?
True
Does 3 divide 26508140?
False
Is 12445370 a multiple of 387?
False
Is 724900485 a multiple of 85?
True
Is 2183931558 a multiple of 2322?
True
Does 26 divide 1449360302?
True
Is 55 a factor of 99414810?
True
Is 67 a factor of 646235073?
False
Does 896 divide 69910819?
False
Does 17 divide 22266430?
True
Does 47 divide 267404155?
False
Does 864 divide 589891664?
False
Is 84402026 a multiple of 41?
True
Does 19 divide 46446963?
True
Is 977 a factor of 12734268?
False
Is 738464918 a multiple of 5?
False
Is 22 a factor of 94337760?
True
Is 505220829 a multiple of 2553?
True
Is 12 a factor of 76374276?
True
Does 678 divide 32867406?
True
Is 16314 a factor of 6022574124?
True
Does 101 divide 1386443665?
True
Is 3272 a factor of 225031800?
True
Does 337 divide 332374338?
True
Is 100 a factor of 116525500?
True
Is 55500706 a multiple of 6?
False
Is 4 a factor of 89184111?
False
Is 1057660 even?
True
Is 169087852 a multiple of 244?
True
Does 203 divide 1034071210?
False
Is 19 a factor of 86352333?
False
Does 5 divide 230475135?
True
Does 1462 divide 1463758786?
True
Is 519139244 a multiple of 149?
True
Is 2006 a factor of 94102332?
False
Does 318 divide 22559238?
True
Is 131624210 a multiple of 3610?
True
Does 56 divide 43719592?
True
Is 22783815 a multiple of 135?
True
Is 3 a factor of 124109660?
False
Does 184 divide 18531952?
False
Does 173 divide 200911647?
True
Is 11 a factor of 130903883?
True
Is 1901 a factor of 184123256?
True
Is 542631315 a multiple of 43?
False
Is 189 a factor of 26690013?
True
Is 9667 a factor of 23916158?
True
Is 335460573 a multiple of 36?
False
Is 102 a factor of 26127077?
False
Does 56 divide 8404885?
False
Is 20457545 a multiple of 26?
False
Is 31640868 a multiple of 28?
True
Is 61 a factor of 10964994?
True
Is 460 a factor of 347442780?
False
Does 17 divide 224052469?
True
Does 511 divide 5326885774?
True
Does 793 divide 59912626?
False
Is 17 a factor of 22235998?
False
Does 5 divide 659473?
False
Is 2614 a factor of 2496370?
True
Is 268 a factor of 173820780?
True
Is 1695 a factor of 77167015?
False
Does 303 divide 16802807?
False
Is 6 a factor of 1033298460?
True
Is 477 a factor of 92096935?
False
Does 384 divide 234264381?
False
Is 3 a factor of 212308329?
True
Is 4 a factor of 158067504?
True
Is 18178374 a multiple of 164?
False
Is 396171396 a multiple of 954?
True
Is 267 a factor of 4394019?
True
Is 70 a factor of 489453142?
False
Is 11805000 a multiple of 1250?
True
Is 424 a factor of 2103407?
False
Does 7 divide 42882065?
False
Is 12532944 a multiple of 5?
False
Is 12782824 a multiple of 8?
True
Does 28 divide 30799156?
False
Is 12 a factor of 115352976?
True
Is 4050528 a multiple of 14?
False
Is 278 a factor of 401837324?
True
Does 11 divide 331771785?
False
Does 680 divide 96204874?
False
Is 883795815 a multiple of 4179?
True
Is 39054447 a multiple of 27?
True
Is 47615672 a multiple of 272?
False
Does 176 divide 85659346?
False
Is 40 a factor of 1438514525?
False
Is 140485966 a multiple of 3071?
True
Is 120 a factor of 151714507?
False
Does 7490 divide 285900790?
True
Is 1516 a factor of 56906126?
False
Is 802962189 a multiple of 3511?
True
Is 48 a factor of 8268715?
False
Does 6216 divide 1094227344?
True
Does 87 divide 1266751587?
False
Is 1635719991 a multiple of 2397?
True
Is 9758039 a multiple of 8?
False
Is 1735398328 a multiple of 5098?
False
Is 587 a factor of 35451865?
True
Does 2034 divide 715843729?
False
Does 789 divide 374505814?
False
Is 12148797 a multiple of 17?
False
Is 11 a factor of 26211647?
True
Is 20 a factor of 5463198960?
True
Is 75 a factor of 7655475?
True
Is 163 a factor of 25074779?
True
Is 40817695 a multiple of 247?
False
Is 1408 a factor of 140380416?
True
Is 3008 a factor of 28680088?
False
Is 803896 a multiple of 17?
True
Does 52 divide 355131556?
True
Does 271 divide 315846385?
False
Is 1097 a factor of 629543721?
False
Is 1617525 a multiple of 819?
True
Does 218 divide 514006626?
False
Is 1831 a factor of 140725167?
True
Is 100 a factor of 6253900?
True
Is 7055698 a multiple of 246?
False
Is 148827678 a multiple of 18?
False
Is 990 a factor of 230633370?
True
Is 337 a factor of 56661576?
False
Does 54 divide 49470551?
False
Does 763 divide 209006301?
True
Is 961054825 a multiple of 235?
True
Is 3508 a factor of 1378826416?
True
Does 28 divide 102320288?
True
Does 21 divide 3241545?
False
Does 2801 divide 105622909?
True
Is 47505612 a multiple of 12?
True
Does 2660 divide 1100327620?
True
Is 1662 a factor of 308664978?
True
Is 48 a factor of 5025534?
False
Does 3507 divide 314081827?
False
Is 11136060 a multiple of 10?
True
Is 228305562 a multiple of 44?
False
Is 53009716 a multiple of 1193?
False
Does 48 divide 147503848?
False
Is 56580399 a multiple of 323?
False
Is 104 a factor of 1996601?
False
Is 2576548 a multiple of 296?
False
Is 1384154159 a multiple of 3625?
False
Is 3108750 a multiple of 4?
False
Is 31810520 a multiple of 280?
True
Does 217 divide 772560395?
False
Is 8 a factor of 64776867?
False
Does 1021 divide 288271094?
False
Is 147179281 a multiple of 939?
False
Is 24761111 a multiple of 72?
False
Is 8361430 a multiple of 77?
True
Does 760 divide 1755669920?
True
Is 13 a factor of 26494234?
True
Is 387 a factor of 1649473213?
False
Is 55671164 a multiple of 40?
False
Is 208762884 a multiple of 9?
True
Is 326411542 a multiple of 496?
False
Is 33 a factor of 11777867?
False
Does 229 divide 